 + 14 + 101 = l. Calculate the greatest common divisor of 45 and g.
9
Let l(c) = 35*c - 6. Let m be l(2). Suppose -m*n + 62*n = -814. Calculate the greatest common divisor of 37 and n.
37
Let a(o) = 4*o + 34. Let r be a(-5). Suppose 0 = -5*k + 4*q + 334, q + 194 = 3*k - 12. Calculate the greatest common factor of r and k.
14
Suppose 2*t - 10 = -2*n - 50, n - 3*t = 0. Let d be (25/15)/(n/(-54)) - 1. What is the highest common divisor of d and 1?
1
Suppose 44*u = 41*u + 6. Suppose f - 396 = -u*f. Calculate the highest common divisor of f and 33.
33
Suppose 16*a + 664 = 17*a. Calculate the greatest common factor of a and 8.
8
Let y(q) = -q**2 + 8*q + 4. Let s = -12 + 19. Let w be y(s). Suppose 5*p - 216 = 3*r - 5*r, -2*p + 84 = 2*r. Calculate the highest common factor of w and p.
11
Let q(y) = -19*y + 2. Let l be (1/1)/(3/(-6)). Let h be q(l). Let a be 19 + 3 + -3*2. Calculate the highest common divisor of h and a.
8
Let p(i) = -i**3 - 2*i**2 - 2*i - 2. Let s be p(-3). Suppose -5*r + 707 = -2*y, 6*r - 5*y = 2*r + 552. What is the greatest common divisor of r and s?
13
Let h be 7/(-1) + 11*2. Calculate the highest common factor of 15 and h.
15
Suppose -2*t + p = 12, -16 = 8*t - 6*t - 3*p. Suppose -2*b + 4 = -14. Let y = t + b. What is the highest common divisor of 20 and y?
4
Suppose -4*y = -4 - 4, 0 = 4*k + 4*y - 36. Calculate the highest common factor of 154 and k.
7
Let l = -2332 + 2353. Suppose 3*x - 105 = -2*x. What is the greatest common divisor of x and l?
21
Let v(i) = 7*i + 172. Let w be v(-23). Suppose -4*n = -3*n - 352. Calculate the highest common factor of n and w.
11
Let s be 2 + -6 + 3 - -33. Let q = 6 + s. Let b = q - -1. Calculate the greatest common factor of 13 and b.
13
Let t(b) = b + 10. Let j be t(-5). Let l(x) = -29*x**3 - 4*x**2 + 2*x + 2. Let y be l(-1). Calculate the highest common divisor of y and j.
5
Let w = 20 - 20. Let p be w + (-1 - -1) + 0. Suppose 0 = -3*h - 4*f + 20, 0 = -p*h + 4*h + 2*f - 30. What is the greatest common divisor of h and 2?
2
Let y be 4*(4 + (-171)/(-6)). Suppose 28 = -0*s + 4*s. Suppose 5*i = 58 + s. What is the greatest common factor of y and i?
13
Suppose -22*b - 4752 = -33*b. What is the greatest common factor of b and 24?
24
Let a(f) = -21*f + 44. Let q be a(-23). What is the greatest common factor of q and 17?
17
Suppose 0 = -3*v + 115 + 17. Suppose 4*p + 4*m - v = 0, m - 3*m + 4 = -p. Calculate the greatest common divisor of 30 and p.
6
Let v = -43 - -53. Suppose -5*p - 4*j = 2, p - 3*j = -7*j - v. What is the greatest common factor of p and 10?
2
Let u(y) = 2*y + 3. Let h be 8/(-20) - 102/(-5). Let j = h + -18. Let t be u(j). What is the highest common factor of t and 56?
7
Let d = 309 - 165. Let y(n) = -n**3 + 13*n**2 - 35*n - 6. Let t be y(6). What is the greatest common factor of t and d?
36
Let h(m) = -1 - 6*m - 6 + 3 - 13. Let k be h(-18). What is the greatest common divisor of k and 52?
13
Let b(o) = o**3 - 7*o**2 + 11*o - 8. Let q be b(6). What is the highest common factor of q and 407?
11
Let j = -681 - -819. Calculate the greatest common factor of j and 345.
69
Suppose 5*i - 2*i = -y + 50, 2*i - 4*y - 10 = 0. What is the greatest common factor of 135 and i?
15
Let c(n) = 0*n - 1 + 2*n**2 - 7*n - n**2 + 9. Let x be c(7). Calculate the highest common divisor of 6 and x.
2
Let t = -173 + 257. Let y be (-4)/10 + (6 - t/(-10)). What is the greatest common divisor of y and 98?
14
Let v = -11 - -17. Suppose v*f + 15 = f. Let b be (f - 1)*25/(-4). Calculate the highest common factor of b and 5.
5
Suppose 0 = -15*d - 79 + 934. Calculate the highest common divisor of d and 12.
3
Let o be 3/(9/105) + 3. Let n = o - 20. What is the highest common factor of 198 and n?
18
Suppose 2*w - 5*t - 495 = -2*w, -5*w = 3*t - 591. Calculate the greatest common factor of 72 and w.
24
Let y(g) be the second derivative of -g**3 + 9*g**2/2 - 4*g. Let j be y(6). Let s = j + 47. What is the greatest common divisor of s and 30?
10
Let i(v) = -37*v - 89. Let d be i(-7). Suppose -5*h + 66 + 19 = 0. Calculate the highest common divisor of h and d.
17
Let i = 28 + -20. Let j = 9 - i. Suppose -22*c + 17*c = -25. What is the greatest common divisor of j and c?
1
Suppose 0 = -14*p + 7*p + 7. Let a(w) = 151*w + 181*w - 2*w. Let o be a(p). What is the greatest common factor of 30 and o?
30
Suppose 5*n = 2*h - 7, 2*n = 5*n - 3. Suppose 9*u - h*u - 144 = 0. Calculate the highest common factor of u and 6.
6
Let i(m) = m + 26. Let l be i(26). What is the greatest common divisor of 416 and l?
52
Let b = 38 - -61. Suppose -6 = 3*z - 0. Let q be 2/(-2) + 8 - z. Calculate the greatest common factor of b and q.
9
Let n(w) = 28*w**2 - 15*w + 7. Let p be n(6). Calculate the highest common divisor of 25 and p.
25
Let f(k) = 17*k**2 - 10*k + 3. Let b be f(1). Let x = 33 + -19. Suppose 2*z + x = 3*r - 20, -4*z - 8 = 0. Calculate the greatest common divisor of b and r.
10
Let z(b) = -12*b + 2. Let c(a) = -3*a - 1. Let q be c(0). Let w be z(q). Calculate the greatest common factor of 14 and w.
14
Suppose 20*n - 30*n + 1840 = 0. What is the highest common factor of 138 and n?
46
Let u be 15 - (-5 + (6 - 4)). Let t be (2/(-5))/((-2)/50). Let y = t - 8. What is the greatest common factor of u and y?
2
Let j(q) = -7*q**2 + 10*q**2 + 7*q - 34 - 3*q - q. Let n be j(8). What is the greatest common divisor of 26 and n?
26
Let m(g) = 25*g**2 - 26*g - 25. Let s be m(-1). What is the greatest common divisor of 806 and s?
26
Let t be 12/(-8)*(-92 - -2). Let n = -47 + t. Calculate the highest common divisor of 8 and n.
8
Let s = 900 - -881. Calculate the greatest common divisor of s and 13.
13
Suppose 8*a = 7*a - 30. Let i be (-2)/12*-4*-27. Let p = i - a. What is the highest common factor of p and 132?
12
Suppose 0*x = -2*x - 2*m + 46, -2*x + 21 = -3*m. Calculate the highest common divisor of 324 and x.
18
Suppose 60*j = 33*j + 756. Calculate the highest common divisor of j and 112.
28
Let v(b) = -b**3 - 17*b**2 - 7*b + 16. Let h be v(-17). Let m(j) = 3*j - 9. Let x be m(8). Calculate the highest common divisor of x and h.
15
Suppose 0 = -2*n - 3*p + 4, -n + 3*n - 5*p = 4. Suppose -12*h = -13*h - 6. Let x be (n/h)/(2/(-6)). What is the greatest common divisor of x and 8?
1
Let i be (45/(-1))/(-1)*(120/(-25))/(-6). Suppose -4*b + 1284 = 3*c, -4*b - 2*c = -5*c - 1308. Calculate the highest common factor of b and i.
36
Let o(a) = 2*a**2 + 17*a + 19. Let h be o(-11). Let z = h - 63. Let f be -55*(-2)/(-1 - -3). Calculate the greatest common divisor of z and f.
11
Let l be 183 - 1 - (-6)/(-18)*0. Calculate the highest common factor of 42 and l.
14
Let t(i) = 2*i**3 - 7*i**2 - 5*i + 8. Let j be t(8). Suppose -5*f = -4*u - j, -5*f + 3*u = -6*f + 124. What is the highest common divisor of 32 and f?
16
Suppose 5*y = 25, -5*m = 4*y - 9 - 51. Let w = 9 + -5. Suppose -4*h - w*v = -3*h - 48, 3*h + 5*v = 130. What is the highest common factor of m and h?
8
Let f be 14/35*5*30. Suppose -25 = 5*g, 9 - 70 = -s + 5*g. Calculate the greatest common factor of f and s.
12
Let c = 498 + -288. Let t be (c/(-20))/((-3)/4). What is the greatest common factor of t and 28?
14
Suppose 2*z - 16 = -2*z. Suppose -3*p = -p + 4*m - 120, -m + 205 = z*p. What is the greatest common factor of p and 125?
25
Let z(i) = 2*i**3 - 3*i**2 - 3*i - 3. Let v be z(3). Let f = 1 - -8. Suppose 0 = -6*d + f*d - 360. What is the highest common divisor of d and v?
15
Let v be ((-30)/45)/(3165/1584 + -2). What is the greatest common factor of v and 22?
22
Suppose -3*y + 1111 = -2252. Calculate the greatest common factor of 59 and y.
59
Suppose 0 = 78*d - 1024 - 1784. Calculate the highest common divisor of d and 900.
36
Suppose 0 = -176*k + 177*k - 56. Let m = k - 47. What is the highest common divisor of m and 18?
9
Let q = 110 + -63. Suppose -5*p + q = -178. What is the highest common divisor of p and 30?
15
Suppose 0 = 4*b + 5*s - 95, -4*b + 0*s + 130 = -2*s. Let z be (345/b)/(2/4). What is the greatest common divisor of z and 92?
23
Suppose -3*p + 48 = 3*g, 11 = -3*p - 2*g + 59. Suppose 4*y - 2*h = 36, -4*h + 0 = 3*y - p. Calculate the greatest common divisor of y and 20.
4
Suppose -84 = -201*a + 197*a. Suppose 0 = -5*i - 0*i - 3*w + 528, -418 = -4*i + 2*w. Calculate the highest common fa